x be ((-7)/(-28) - (-34)/(-8)) + -5. Let a(i) = -i**2 + 6. Let t(k) = 3*k**2 - 19. Let d(r) = 8*a(r) + 3*t(r). What is the units digit of d(x)?
2
Suppose -3*a + 14987 = 5*d - 7*a, 3*d - 8999 = -a. What is the units digit of d?
9
Let q be 5670/56 - 6/(-8). Suppose -9*c + q = -609. What is the units digit of c?
9
Suppose 15 = g + 13. Let i(s) = 8*s - s - 1 + g. What is the tens digit of i(4)?
2
Let z(f) = -f**3 + 10*f**2 + 11*f + 2. Let d be z(11). Suppose -2*j + 36 = -d*r, 3*j - 78 = -0*j - 5*r. What is the tens digit of j?
2
Suppose -2*t + 1294 = 4*s, 2*t = 4*s - t - 1279. What is the tens digit of s?
2
Let r be 5/2 - (-3)/6. Suppose 5*h - 11 = -3*d - 43, -4*d - r = h. Let o = 32 + h. What is the tens digit of o?
2
Let j be (-2)/3 - 112/(-42). What is the tens digit of (-243)/(-3) + 2 + j?
8
Let x(p) = p**3 + p**2 + p - 1. Let r(c) = -c**3 - 8*c**2 - 4*c + 4. Let q(t) = -r(t) - 2*x(t). Suppose 3 = 2*z - 9. What is the tens digit of q(z)?
1
Suppose 3*a - 601 = -178. What is the tens digit of a?
4
Suppose 0 = o + v - 417, 0 = 4*o + 5*v - 393 - 1280. What is the tens digit of o?
1
What is the thousands digit of 4/5*(0 - 41080/(-16))?
2
Suppose -4*v + 5*n - 4*n + 9076 = 0, -n = 5*v - 11354. What is the thousands digit of v?
2
Let g = -125 - -134. What is the units digit of 6/g*-318*(-2)/8?
3
Let o = 1095 + 292. What is the thousands digit of o?
1
Suppose -6*c + 65 = -c. Let d = c + -18. Let k = d - -28. What is the units digit of k?
3
Let f = -8 - -21. Suppose 2*d = f - 5. What is the tens digit of d/((-12)/(-123)) - -1?
4
Let x be (1/3)/((-7)/(-273)). Let n = -16 + x. Let p(r) = r**3 + 4*r**2 - r - 1. What is the units digit of p(n)?
1
Let h(a) = a**2 - a. Let v(w) = w**3 - 2*w**2 + 7*w - 6. Let q(c) = 3*h(c) + v(c). Let n(d) be the first derivative of q(d). What is the units digit of n(3)?
7
Let h = 5113 + -1352. What is the thousands digit of h?
3
Let c = 3101 - 1463. What is the hundreds digit of c?
6
Let g(q) = 253*q**2 + 12*q - 46. What is the thousands digit of g(3)?
2
Suppose 4*m = 367 + 1057. What is the hundreds digit of m?
3
Let b(n) = 381*n**2 - 3*n - 4. Let o be b(-1). Suppose 3*g = 0, 3*x + x - 4*g - o = 0. What is the units digit of x?
5
Suppose 7 = -6*o - 17. Let x be (3/3)/(o/(-40)). Suppose 9*n = x*n - 73. What is the units digit of n?
3
Let s be (-1 - 2) + 13/1. Let x be (-30)/(-4)*24/s. Let w = x - 9. What is the units digit of w?
9
Let r(o) = 575*o**2 - 8*o + 6. What is the units digit of r(1)?
3
Let n = 849 + -506. What is the tens digit of n?
4
Let g be 3 - 2 - 3 - -5. Suppose 0 = 2*u + 3*i - 29, -g*u + 4*u = 5*i - 5. Suppose -5*z + 3*z = -u. What is the units digit of z?
5
Let m(f) = -9*f**3 + 2*f**2 + 9*f + 3. What is the tens digit of m(-3)?
3
Let w = -4 + 8. Suppose -h + 4*h = -n - 2, 21 = h - w*n. Suppose -l + 28 = -5*k - h, 3*k = -6. What is the units digit of l?
9
Let y = 23 - 27. Let b be 5 - (-4)/y - -76. Suppose 6*m - 2*m = b. What is the units digit of m?
0
Suppose 0*v + 144 = -2*v. Let i(q) = -q**3 + 12*q**2 + 25*q - 8. Let d be i(14). Let g = d - v. What is the units digit of g?
2
Let q(d) = -d**2 + 6*d + 9. Let h be q(7). Suppose o + 75 = h*o + 4*w, -5*o + w + 396 = 0. Suppose 3*z = 29 + o. What is the tens digit of z?
3
Let x(t) = t**2 + 11*t - 93. What is the units digit of x(18)?
9
Let f(r) = 3*r**2 + 136*r - 187. What is the hundreds digit of f(-56)?
6
Let b(p) = 44*p - 27 + 26 - 14*p. What is the tens digit of b(3)?
8
Suppose -f - 5 - 9 = -5*p, 2*f = 4*p - 16. Suppose p*d + d - 2*i - 1 = 0, -5*d - i - 7 = 0. What is the units digit of (-71)/(-2) + d/2?
5
Let l(y) = y**3 + y**2 + y + 217. What is the units digit of l(0)?
7
Suppose -10*b - 1493 + 4083 = 0. What is the hundreds digit of b?
2
Suppose 356 - 2611 = -11*b. What is the units digit of b?
5
Suppose -5*f = -3*x + 1367, 3*x + 2*x + 4*f = 2266. What is the units digit of x?
4
Let z(x) = 56*x + 12. Let h be z(-6). What is the tens digit of -3 + (2 - h/4)?
8
Let u(a) = a. Let b = -6 - -4. Let q be u(b). Let y(t) = t**3 + 2*t**2 - 2*t - 2. What is the units digit of y(q)?
2
What is the hundreds digit of 2*(-9)/(-3)*(-2151)/(-6)?
1
Suppose 140 = 2*w + 2*g, 2*w + 71 = -3*g + 210. What is the units digit of w?
1
Let q(m) = 4*m - 1. Suppose 4*j + 55 = 5*h, 0*h + 2*h = -2*j + 40. What is the tens digit of q(h)?
5
Let p(j) = 4*j**3 - 3*j**2 - 2*j - 3. Suppose 4*w + 4*c = 4, -6 = c + 2*c. What is the units digit of p(w)?
2
Let x(w) = -213*w + 392. What is the units digit of x(-12)?
8
Suppose 3*c = 7*c. Let t be 13/((-13)/(-8))*(-2)/(-8). Suppose -k + 3*s + 18 = c, -4*k = -0*s + t*s - 44. What is the units digit of k?
2
Let g = 11 + 115. What is the hundreds digit of g?
1
Let a be -3 - (-6 - (-2)/1). What is the units digit of (a - 167)*1/2*-2?
6
Let s = 128 + -47. Suppose 0 = 2*b - 10, -2*b + s = 3*m + 14. What is the units digit of m?
9
Let h(y) = 43*y**3 + 6*y**2 + 5*y. Let n be h(-2). Let s = n - -504. What is the units digit of s?
4
Let c(z) = 2*z - z + 17 - 19 + z**2. What is the units digit of c(6)?
0
Let v = -1192 + 1732. What is the tens digit of v?
4
Let p(c) = -c**2 - 27*c + 17. What is the tens digit of p(-18)?
7
Let c = -75 - -176. Suppose -u + c + 62 = 0. What is the tens digit of u?
6
Suppose -3*b = 5*a + 777, -4*a - 541 = -4*b + 87. Let m be a/24*(-1 + -1). What is the tens digit of (m - -5) + (-6)/(-2)?
2
Let x(h) = 61*h**2 + 2*h. Let u be x(-2). Let m be 84/(-30)*-5 + 2*-2. Suppose -m*f = -15*f + u. What is the tens digit of f?
4
Let r(g) = -2*g**3 - 4*g**2 - g + 3. Let a be r(-3). Let p(t) = t**2 + 3*t + 6. Let b be p(5). Suppose -a*q - b = -25*q. What is the tens digit of q?
4
Let y(s) = s**2 - 2*s - 10. Let t be y(5). Let r be (t/2)/1*4. Suppose r = 2*m - 70. What is the units digit of m?
0
What is the tens digit of 42/(-1*39/(-1430))?
4
Suppose -15 - 25 = -8*d. Suppose 2*t - 261 + 59 = d*f, 3*t + 5*f = 328. What is the units digit of t?
6
Let t(j) = 4*j**2 + 4*j - 3. Let l be t(1). Let p(y) = y - 4 + 3*y + 2. What is the tens digit of p(l)?
1
Let h(c) = 30*c - 112. What is the hundreds digit of h(22)?
5
Suppose 0 = u - 2*u + 3. Suppose -2*q - q + 12 = 3*b, 4 = 5*q - u*b. Suppose -3*m + 11 = -2*o + 6*o, -38 = -q*m + 5*o. What is the units digit of m?
9
Let o(d) = 14*d**2 - 2*d + 2. Let v be o(2). Let q be 5 - (-12*6/12)/(-2). Suppose v = l + q. What is the tens digit of l?
5
Suppose 4*c - 367 - 1045 = 0. Let i = -126 + c. What is the tens digit of i?
2
Let o(r) = 58*r**2 - r - 17. What is the tens digit of o(4)?
0
Let m = -262 + 1582. What is the thousands digit of m?
1
Let s(t) = 1140 + 9*t + 7*t - 1108. What is the tens digit of s(7)?
4
Suppose 0*q = 4*q - n + 12, -5*q - 3*n - 32 = 0. Let o(f) = -3*f - 7. Let u be o(q). Suppose -i - i + d + 24 = 0, -u*d + 10 = 0. What is the tens digit of i?
1
Let y(l) = -2*l - 8. Let p be y(-8). Suppose g + j + 3*j - 2 = 0, -3*g - p = -2*j. What is the units digit of g + 9 + (-8)/(-4)?
9
Suppose n + 4 = 0, 2169 = -4*r - n + 11025. What is the hundreds digit of r?
2
Let c(l) = 2*l**2 - 2*l - 60. What is the hundreds digit of c(10)?
1
Let b(j) = -34*j + 2 - 7 + 37*j. Let v be b(5). Suppose -v*h + 8*h = -44. What is the units digit of h?
2
Let t(p) = -p**3 - 7*p**2 + 8*p - 3. Let l be t(-8). Let u(z) = -8*z + 3. Let d(o) = -33*o + 13. Let y(q) = -2*d(q) + 9*u(q). What is the tens digit of y(l)?
1
Let h(g) = -28 + 4*g**2 + g**3 + 0*g**3 - 24*g**2 - 8*g - 7*g. What is the tens digit of h(21)?
9
Let b = -28 - -20. Let u(t) = -2*t**2 - 11*t - 9. Let c(h) = h. Let l(i) = -c(i) - u(i). What is the units digit of l(b)?
7
Suppose -g + o - 3 = 0, 5*g + 5*o + 19 = 4. What is the tens digit of 3/(-1)*(g + 80/(-3))?
8
Let r = -271 - -110. Let u = 351 + r. What is the units digit of u?
0
Let u(z) be the first derivative of z**2/2 + 7*z - 6. Suppose 2 = -s - 4. What is the units digit of u(s)?
1
Suppose 0 = 2*y + 4, 0 - 2 = -4*w + y. Let j = 157 + w. What is the hundreds digit of j?
1
What is the hundreds digit of (-56)/(-36) - 2 - 129808/(-63)?
0
Suppose 4*i = 5*i - 2*d - 903, i - d - 900 = 0. What is the tens digit of i?
9
Let a = 48 + -45. Suppose -a*h - 3*z + 171 = 0, 26 + 43 = h - 2*z. What is the units digit of h?
1
Let m be ((-2)/(-2))/(1/(-3)). Let d be (2*-3)/m + -2. Suppose 2*x - 4 = -l + 4, d = -3*l - 3*x +